{"id":2384,"date":"2025-09-18T09:32:16","date_gmt":"2025-09-18T09:32:16","guid":{"rendered":"https:\/\/v\u00e4ikekopp.ee\/?post_type=product&#038;p=2384"},"modified":"2025-09-19T12:31:39","modified_gmt":"2025-09-19T12:31:39","slug":"killustik-0-4mm","status":"publish","type":"product","link":"https:\/\/v\u00e4ikekopp.ee\/?product=killustik-0-4mm","title":{"rendered":"Killustik 0-4mm"},"content":{"rendered":"<p class=\"p1\"><span class=\"s1\">Paekillustik 0\u20134 mm<\/span><\/p>\n<ul>\n<li>\n<p class=\"p1\"><span class=\"s1\">Peen fraktsioon, sobib peamiselt aluspindade tasandamiseks ja tihendamiseks.<\/span><\/p>\n<\/li>\n<li>\n<p class=\"p1\"><span class=\"s1\">Kasutatakse teede- ja platsiehituses, betooni t\u00e4itematerjalina ning drenaa\u017eis\u00fcsteemides, kus on vaja peent killustikku.<\/span><\/p>\n<\/li>\n<li>\n<p class=\"p1\"><span class=\"s1\">Teraseline, h\u00e4sti tihenduv materjal.<\/span><\/p>\n<\/li>\n<\/ul>\n<p>&nbsp;<\/p>\n","protected":false},"excerpt":{"rendered":"<p class=\"p1\"><span class=\"s1\">Paekillustik 0\u20134 mm<\/span><\/p>\n<ul>\n<li>\n<p class=\"p1\"><span class=\"s1\">Peen fraktsioon, sobib peamiselt aluspindade tasandamiseks ja tihendamiseks.<\/span><\/p>\n<\/li>\n<li>\n<p class=\"p1\"><span class=\"s1\">Kasutatakse teede- ja platsiehituses, betooni t\u00e4itematerjalina ning drenaa\u017eis\u00fcsteemides, kus on vaja peent killustikku.<\/span><\/p>\n<\/li>\n<li>\n<p class=\"p1\"><span class=\"s1\">Teraseline, h\u00e4sti tihenduv materjal.<\/span><\/p>\n<\/li>\n<\/ul>\n","protected":false},"featured_media":2412,"comment_status":"open","ping_status":"closed","template":"","meta":[],"product_brand":[],"product_cat":[122],"product_tag":[124],"class_list":{"0":"post-2384","1":"product","2":"type-product","3":"status-publish","4":"has-post-thumbnail","6":"product_cat-puistematerjalid","7":"product_tag-killustik","9":"first","10":"instock","11":"shipping-taxable","12":"product-type-simple"},"yoast_head":"<!-- This site is optimized with the Yoast SEO plugin v25.4 - https:\/\/yoast.com\/wordpress\/plugins\/seo\/ -->\n<title>Killustik 0-4mm<\/title>\n<meta name=\"description\" content=\"Paekillustik 0\u20134 mm. Peen fraktsioon, sobib peamiselt aluspindade tasandamiseks ja tihendamiseks. Kasutatakse teede- ja platsiehituses ...\" \/>\n<meta name=\"robots\" content=\"index, follow, max-snippet:-1, max-image-preview:large, max-video-preview:-1\" \/>\n<link rel=\"canonical\" href=\"https:\/\/v\u00e4ikekopp.ee\/?product=killustik-0-4mm\" \/>\n<meta property=\"og:locale\" content=\"et_EE\" \/>\n<meta property=\"og:type\" content=\"article\" \/>\n<meta property=\"og:title\" content=\"Killustik 0-4mm\" \/>\n<meta property=\"og:description\" content=\"Paekillustik 0\u20134 mm. Peen fraktsioon, sobib peamiselt aluspindade tasandamiseks ja tihendamiseks. Kasutatakse teede- ja platsiehituses ...\" \/>\n<meta property=\"og:url\" content=\"https:\/\/v\u00e4ikekopp.ee\/?product=killustik-0-4mm\" \/>\n<meta property=\"og:site_name\" content=\"V&auml;ikekopp\" \/>\n<meta property=\"article:modified_time\" content=\"2025-09-19T12:31:39+00:00\" \/>\n<meta property=\"og:image\" content=\"https:\/\/v\u00e4ikekopp.ee\/wp-content\/uploads\/2025\/09\/3.png\" \/>\n\t<meta property=\"og:image:width\" content=\"998\" \/>\n\t<meta property=\"og:image:height\" content=\"1002\" \/>\n\t<meta property=\"og:image:type\" content=\"image\/png\" \/>\n<meta name=\"twitter:card\" content=\"summary_large_image\" \/>\n<meta name=\"twitter:label1\" content=\"Est. reading time\" \/>\n\t<meta name=\"twitter:data1\" content=\"1 minut\" \/>\n<script type=\"application\/ld+json\" class=\"yoast-schema-graph\">{\"@context\":\"https:\/\/schema.org\",\"@graph\":[{\"@type\":\"WebPage\",\"@id\":\"https:\/\/v\u00e4ikekopp.ee\/?product=killustik-0-4mm\",\"url\":\"https:\/\/v\u00e4ikekopp.ee\/?product=killustik-0-4mm\",\"name\":\"Killustik 0-4mm\",\"isPartOf\":{\"@id\":\"https:\/\/v\u00e4ikekopp.ee\/#website\"},\"primaryImageOfPage\":{\"@id\":\"https:\/\/v\u00e4ikekopp.ee\/?product=killustik-0-4mm#primaryimage\"},\"image\":{\"@id\":\"https:\/\/v\u00e4ikekopp.ee\/?product=killustik-0-4mm#primaryimage\"},\"thumbnailUrl\":\"https:\/\/v\u00e4ikekopp.ee\/wp-content\/uploads\/2025\/09\/3.png\",\"datePublished\":\"2025-09-18T09:32:16+00:00\",\"dateModified\":\"2025-09-19T12:31:39+00:00\",\"description\":\"Paekillustik 0\u20134 mm. Peen fraktsioon, sobib peamiselt aluspindade tasandamiseks ja tihendamiseks. Kasutatakse teede- ja platsiehituses ...\",\"breadcrumb\":{\"@id\":\"https:\/\/v\u00e4ikekopp.ee\/?product=killustik-0-4mm#breadcrumb\"},\"inLanguage\":\"et\",\"potentialAction\":[{\"@type\":\"ReadAction\",\"target\":[\"https:\/\/v\u00e4ikekopp.ee\/?product=killustik-0-4mm\"]}]},{\"@type\":\"ImageObject\",\"inLanguage\":\"et\",\"@id\":\"https:\/\/v\u00e4ikekopp.ee\/?product=killustik-0-4mm#primaryimage\",\"url\":\"https:\/\/v\u00e4ikekopp.ee\/wp-content\/uploads\/2025\/09\/3.png\",\"contentUrl\":\"https:\/\/v\u00e4ikekopp.ee\/wp-content\/uploads\/2025\/09\/3.png\",\"width\":998,\"height\":1002,\"caption\":\"killustik 0-8mm\"},{\"@type\":\"BreadcrumbList\",\"@id\":\"https:\/\/v\u00e4ikekopp.ee\/?product=killustik-0-4mm#breadcrumb\",\"itemListElement\":[{\"@type\":\"ListItem\",\"position\":1,\"name\":\"Home\",\"item\":\"https:\/\/v\u00e4ikekopp.ee\/\"},{\"@type\":\"ListItem\",\"position\":2,\"name\":\"Shop\",\"item\":\"https:\/\/v\u00e4ikekopp.ee\/?page_id=6\"},{\"@type\":\"ListItem\",\"position\":3,\"name\":\"Killustik 0-4mm\"}]},{\"@type\":\"WebSite\",\"@id\":\"https:\/\/v\u00e4ikekopp.ee\/#website\",\"url\":\"https:\/\/v\u00e4ikekopp.ee\/\",\"name\":\"V\u00e4ikekopp\",\"description\":\"v&auml;ikeekskavaator\",\"publisher\":{\"@id\":\"https:\/\/v\u00e4ikekopp.ee\/#organization\"},\"potentialAction\":[{\"@type\":\"SearchAction\",\"target\":{\"@type\":\"EntryPoint\",\"urlTemplate\":\"https:\/\/v\u00e4ikekopp.ee\/?s={search_term_string}\"},\"query-input\":{\"@type\":\"PropertyValueSpecification\",\"valueRequired\":true,\"valueName\":\"search_term_string\"}}],\"inLanguage\":\"et\"},{\"@type\":\"Organization\",\"@id\":\"https:\/\/v\u00e4ikekopp.ee\/#organization\",\"name\":\"V\u00e4ikekopp\",\"url\":\"https:\/\/v\u00e4ikekopp.ee\/\",\"logo\":{\"@type\":\"ImageObject\",\"inLanguage\":\"et\",\"@id\":\"https:\/\/v\u00e4ikekopp.ee\/#\/schema\/logo\/image\/\",\"url\":\"https:\/\/v\u00e4ikekopp.ee\/wp-content\/uploads\/2025\/06\/1-2.png\",\"contentUrl\":\"https:\/\/v\u00e4ikekopp.ee\/wp-content\/uploads\/2025\/06\/1-2.png\",\"width\":2000,\"height\":1400,\"caption\":\"V\u00e4ikekopp\"},\"image\":{\"@id\":\"https:\/\/v\u00e4ikekopp.ee\/#\/schema\/logo\/image\/\"}}]}<\/script>\n<!-- \/ Yoast SEO plugin. -->","yoast_head_json":{"title":"Killustik 0-4mm","description":"Paekillustik 0\u20134 mm. Peen fraktsioon, sobib peamiselt aluspindade tasandamiseks ja tihendamiseks. Kasutatakse teede- ja platsiehituses ...","robots":{"index":"index","follow":"follow","max-snippet":"max-snippet:-1","max-image-preview":"max-image-preview:large","max-video-preview":"max-video-preview:-1"},"canonical":"https:\/\/v\u00e4ikekopp.ee\/?product=killustik-0-4mm","og_locale":"et_EE","og_type":"article","og_title":"Killustik 0-4mm","og_description":"Paekillustik 0\u20134 mm. Peen fraktsioon, sobib peamiselt aluspindade tasandamiseks ja tihendamiseks. Kasutatakse teede- ja platsiehituses ...","og_url":"https:\/\/v\u00e4ikekopp.ee\/?product=killustik-0-4mm","og_site_name":"V&auml;ikekopp","article_modified_time":"2025-09-19T12:31:39+00:00","og_image":[{"width":998,"height":1002,"url":"https:\/\/v\u00e4ikekopp.ee\/wp-content\/uploads\/2025\/09\/3.png","type":"image\/png"}],"twitter_card":"summary_large_image","twitter_misc":{"Est. reading time":"1 minut"},"schema":{"@context":"https:\/\/schema.org","@graph":[{"@type":"WebPage","@id":"https:\/\/v\u00e4ikekopp.ee\/?product=killustik-0-4mm","url":"https:\/\/v\u00e4ikekopp.ee\/?product=killustik-0-4mm","name":"Killustik 0-4mm","isPartOf":{"@id":"https:\/\/v\u00e4ikekopp.ee\/#website"},"primaryImageOfPage":{"@id":"https:\/\/v\u00e4ikekopp.ee\/?product=killustik-0-4mm#primaryimage"},"image":{"@id":"https:\/\/v\u00e4ikekopp.ee\/?product=killustik-0-4mm#primaryimage"},"thumbnailUrl":"https:\/\/v\u00e4ikekopp.ee\/wp-content\/uploads\/2025\/09\/3.png","datePublished":"2025-09-18T09:32:16+00:00","dateModified":"2025-09-19T12:31:39+00:00","description":"Paekillustik 0\u20134 mm. Peen fraktsioon, sobib peamiselt aluspindade tasandamiseks ja tihendamiseks. Kasutatakse teede- ja platsiehituses ...","breadcrumb":{"@id":"https:\/\/v\u00e4ikekopp.ee\/?product=killustik-0-4mm#breadcrumb"},"inLanguage":"et","potentialAction":[{"@type":"ReadAction","target":["https:\/\/v\u00e4ikekopp.ee\/?product=killustik-0-4mm"]}]},{"@type":"ImageObject","inLanguage":"et","@id":"https:\/\/v\u00e4ikekopp.ee\/?product=killustik-0-4mm#primaryimage","url":"https:\/\/v\u00e4ikekopp.ee\/wp-content\/uploads\/2025\/09\/3.png","contentUrl":"https:\/\/v\u00e4ikekopp.ee\/wp-content\/uploads\/2025\/09\/3.png","width":998,"height":1002,"caption":"killustik 0-8mm"},{"@type":"BreadcrumbList","@id":"https:\/\/v\u00e4ikekopp.ee\/?product=killustik-0-4mm#breadcrumb","itemListElement":[{"@type":"ListItem","position":1,"name":"Home","item":"https:\/\/v\u00e4ikekopp.ee\/"},{"@type":"ListItem","position":2,"name":"Shop","item":"https:\/\/v\u00e4ikekopp.ee\/?page_id=6"},{"@type":"ListItem","position":3,"name":"Killustik 0-4mm"}]},{"@type":"WebSite","@id":"https:\/\/v\u00e4ikekopp.ee\/#website","url":"https:\/\/v\u00e4ikekopp.ee\/","name":"V\u00e4ikekopp","description":"v&auml;ikeekskavaator","publisher":{"@id":"https:\/\/v\u00e4ikekopp.ee\/#organization"},"potentialAction":[{"@type":"SearchAction","target":{"@type":"EntryPoint","urlTemplate":"https:\/\/v\u00e4ikekopp.ee\/?s={search_term_string}"},"query-input":{"@type":"PropertyValueSpecification","valueRequired":true,"valueName":"search_term_string"}}],"inLanguage":"et"},{"@type":"Organization","@id":"https:\/\/v\u00e4ikekopp.ee\/#organization","name":"V\u00e4ikekopp","url":"https:\/\/v\u00e4ikekopp.ee\/","logo":{"@type":"ImageObject","inLanguage":"et","@id":"https:\/\/v\u00e4ikekopp.ee\/#\/schema\/logo\/image\/","url":"https:\/\/v\u00e4ikekopp.ee\/wp-content\/uploads\/2025\/06\/1-2.png","contentUrl":"https:\/\/v\u00e4ikekopp.ee\/wp-content\/uploads\/2025\/06\/1-2.png","width":2000,"height":1400,"caption":"V\u00e4ikekopp"},"image":{"@id":"https:\/\/v\u00e4ikekopp.ee\/#\/schema\/logo\/image\/"}}]}},"_links":{"self":[{"href":"https:\/\/v\u00e4ikekopp.ee\/index.php?rest_route=\/wp\/v2\/product\/2384","targetHints":{"allow":["GET"]}}],"collection":[{"href":"https:\/\/v\u00e4ikekopp.ee\/index.php?rest_route=\/wp\/v2\/product"}],"about":[{"href":"https:\/\/v\u00e4ikekopp.ee\/index.php?rest_route=\/wp\/v2\/types\/product"}],"replies":[{"embeddable":true,"href":"https:\/\/v\u00e4ikekopp.ee\/index.php?rest_route=%2Fwp%2Fv2%2Fcomments&post=2384"}],"wp:featuredmedia":[{"embeddable":true,"href":"https:\/\/v\u00e4ikekopp.ee\/index.php?rest_route=\/wp\/v2\/media\/2412"}],"wp:attachment":[{"href":"https:\/\/v\u00e4ikekopp.ee\/index.php?rest_route=%2Fwp%2Fv2%2Fmedia&parent=2384"}],"wp:term":[{"taxonomy":"product_brand","embeddable":true,"href":"https:\/\/v\u00e4ikekopp.ee\/index.php?rest_route=%2Fwp%2Fv2%2Fproduct_brand&post=2384"},{"taxonomy":"product_cat","embeddable":true,"href":"https:\/\/v\u00e4ikekopp.ee\/index.php?rest_route=%2Fwp%2Fv2%2Fproduct_cat&post=2384"},{"taxonomy":"product_tag","embeddable":true,"href":"https:\/\/v\u00e4ikekopp.ee\/index.php?rest_route=%2Fwp%2Fv2%2Fproduct_tag&post=2384"}],"curies":[{"name":"wp","href":"https:\/\/api.w.org\/{rel}","templated":true}]}}